 prime number?
False
Is 2776973 a composite number?
False
Is 222162167 a prime number?
False
Is 1370909 prime?
True
Is 4808417 prime?
True
Is 4945781 a composite number?
True
Is 12066137 a composite number?
False
Is 33305299 prime?
False
Is 2616799 a composite number?
True
Is 2267971 a composite number?
False
Is 8349929 prime?
False
Is 2146069 composite?
True
Is 130974691 composite?
False
Is 24657859 a prime number?
False
Is 3923261 a prime number?
True
Is 1992227 composite?
False
Is 48138767 a composite number?
False
Is 63862391 prime?
True
Is 445 a prime number?
False
Is 80295191 a prime number?
True
Is 31955689 prime?
True
Is 8394733 a composite number?
False
Is 13333043 prime?
False
Is 24220271 a prime number?
True
Is 107387881 a prime number?
True
Is 73202879 prime?
True
Is 71486713 composite?
True
Is 25191274 a prime number?
False
Is 25809409 a prime number?
False
Is 895519 prime?
False
Is 32316463 a composite number?
False
Is 585317 prime?
True
Is 5807603 a composite number?
False
Is 6624659 a composite number?
False
Is 66380887 a composite number?
True
Is 52037093 a prime number?
False
Is 225514073 prime?
True
Is 2827745 composite?
True
Is 155429 prime?
False
Is 7922531 a composite number?
False
Is 8059489 composite?
False
Is 17529641 a composite number?
False
Is 390977417 prime?
True
Is 133638569 a composite number?
True
Is 34100383 a composite number?
True
Is 46691063 a composite number?
False
Is 81943261 prime?
False
Is 1875203 a composite number?
True
Is 35661877 a composite number?
False
Is 23895941 a composite number?
True
Is 179077333 composite?
True
Is 467067 a composite number?
True
Is 2800594 composite?
True
Is 25911709 composite?
False
Is 246975857 a composite number?
False
Is 10583687 composite?
False
Is 485753 prime?
True
Is 7217751 a composite number?
True
Is 3253013 a prime number?
True
Is 1014907 a prime number?
True
Is 893134571 a composite number?
True
Is 8380403 prime?
True
Is 77556577 a composite number?
True
Is 853241 a prime number?
True
Is 1063687 a composite number?
True
Is 36663283 a prime number?
False
Is 1112875093 prime?
False
Is 8522221 a prime number?
True
Is 111175709 composite?
True
Is 1775855 a composite number?
True
Is 10058518 prime?
False
Is 7304257 composite?
False
Is 11539097 a composite number?
True
Is 641723 a composite number?
True
Is 110530897 composite?
False
Is 224381099 a composite number?
False
Is 9549658 prime?
False
Is 7860709 a composite number?
True
Is 640500411 prime?
False
Is 7484753 a prime number?
False
Is 9842269 prime?
False
Is 19857091 a composite number?
False
Is 762661 a prime number?
False
Is 10601743 a prime number?
False
Is 2896107 prime?
False
Is 30427739 a composite number?
True
Is 339047 composite?
True
Is 7226057 composite?
False
Is 43600673 composite?
False
Is 1093234937 a prime number?
True
Is 19321171 a composite number?
False
Is 9488189 prime?
True
Is 1731151 a prime number?
False
Is 8928001 composite?
False
Is 1963957 a prime number?
False
Is 238277411 composite?
False
Is 27428627 a composite number?
True
Is 152651029 prime?
True
Is 4899371 prime?
True
Is 12422071 a composite number?
True
Is 4463399 composite?
False
Is 139155827 a prime number?
True
Is 66826789 a prime number?
True
Is 1069087 composite?
False
Is 2249641 prime?
False
Is 363697469 a composite number?
False
Is 115399 a composite number?
False
Is 4541759 prime?
False
Is 1801273 a composite number?
False
Is 102396379 a composite number?
True
Is 3752589 prime?
False
Is 5443261 a prime number?
False
Is 4233989 composite?
False
Is 1414183 prime?
False
Is 30788059 composite?
True
Is 11885513 composite?
False
Is 4818323 composite?
True
Is 3265237 a prime number?
False
Is 11108177 composite?
True
Is 141535877 composite?
True
Is 6442477 a prime number?
False
Is 44147021 a prime number?
True
Is 58426091 prime?
False
Is 155305807 a prime number?
True
Is 81988799 a composite number?
True
Is 571868029 prime?
False
Is 35136449 a composite number?
False
Is 1245187 composite?
False
Is 50646727 composite?
False
Is 92498311 a prime number?
True
Is 702167 composite?
True
Is 28493 a composite number?
False
Is 2698343 a composite number?
True
Is 9707839 composite?
True
Is 3406801 prime?
True
Is 5917477 prime?
True
Is 5111309 prime?
False
Is 2879797 a prime number?
False
Is 393167 prime?
False
Is 48844869 composite?
True
Is 31200233 prime?
True
Is 33991527 a prime number?
False
Is 1368943 prime?
True
Is 103381091 a composite number?
True
Is 43709711 a composite number?
True
Is 6655393 prime?
True
Is 74246863 prime?
True
Is 899123 prime?
True
Is 62953679 a composite number?
True
Is 71940809 a composite number?
False
Is 334085891 a prime number?
True
Is 1964363 a composite number?
False
Is 35870819 prime?
False
Is 1026161 a prime number?
False
Is 674431 composite?
False
Is 84347633 prime?
False
Is 3036259 composite?
True
Is 3317453 a composite number?
True
Is 117330931 a composite number?
True
Is 132004877 composite?
False
Is 117359741 composite?
False
Is 25714333 a composite number?
True
Is 440592193 prime?
True
Is 377857 a composite number?
True
Is 65276747 a composite number?
False
Is 1242607 prime?
False
Is 83517611 a composite number?
False
Is 36722593 prime?
False
Is 9777757 prime?
False
Is 23911963 composite?
False
Is 5658223 composite?
False
Is 8699401 composite?
True
Is 388099 prime?
True
Is 10174037 prime?
True
Is 87147623 a prime number?
False
Is 28602949 a prime number?
False
Is 41291017 composite?
False
Is 13523746 prime?
False
Is 377119481 prime?
True
Is 15447821 a prime number?
True
Is 554467 a composite number?
False
Is 181071929 a prime number?
True
Is 3002891 prime?
True
Is 12707533 composite?
True
Is 839873 a composite number?
False
Is 16261781 a prime number?
False
Is 410783 a prime number?
True
Is 858593 a composite number?
True
Is 4400159 a composite number?
True
Is 71864281 a composite number?
True
Is 39556241 prime?
True
Is 1670837 a prime number?
False
Is 388635311 a prime number?
False
Is 37766891 a composite number?
False
Is 3145091 composite?
False
Is 17967479 a prime number?
True
Is 9981179 a prime number?
False
Is 6028649 a prime number?
False
Is 563129153 a prime number?
True
Is 32028317 composite?
False
Is 176155141 composite?
False
Is 707623743 a composite number?
True
Is 8822939 a composite number?
False
Is 44501 a prime number?
True
Is 6030359 a prime number?
False
Is 13843261 a composite number?
False
Is 234270913 a composite number?
True
Is 23658277 composite?
False
Is 469165199 prime?
True
Is 20426819 composite?
True
Is 2993381 a prime number?
False
Is 29399341 a prime number?
False
Is 24138893 a composite number?
False
Is 4427351 a prime number?
False
Is 1872889 a composite number?
False
Is 152370433 prime?
False
Is 11574527 a prime number?
False
Is 9997681 a prime number?
False
Is 14871707 a prime number?
True
Is 839167 a composite number?
True
Is 3513617 prime?
True
Is 23825821 composite?
False
Is 6926839 a composite number?
False
Is 7806139 composite?
True
Is 933241 composite?
False
Is 296078359 a composite number?
True
Is 78885907 a prime number?
True
Is 5424911 composite?
False
Is 799921 composite?
False
Is 300851471 prime?
True
Is 27016073 a prime number?
False
Is 265231 a composite number?
False
Is 9632767 prime?
True
Is 4230719 prime?
True
Is 84085403 prime?
True
Is 5613409 a composite number?
True
Is 1838953 composite?
True
Is 185441 a prime number?
True
Is 43227863 a prime number?
False
Is 310533 prime?
False
Is 7710617 a composite number?
True
Is 206662985 a prime number?
False
Is 335136793 prime?
False
Is 26644333 a prime number?
True
Is 9958919 composite?
True
Is 1200307 a composite number?
False
Is 73153297 prime?
False
Is 13412527 prime?
False
Is 5006321 a prime number?
False
Is 68858539 composite?
False
Is 3136447 a prime number?
True
Is 285061943 prime?
True
Is 142134547 prime?
True
Is 21787565 composite?
True
Is 9263 prime?
False
Is 356347 a prime number?
False
Is 14610103 prime?
True
Is 494192815 composite?
True
Is 159366307 a composite number?
True
Is 431567 composite?
False
Is 13831474 prime?
False
Is 234200731 a prime number?
True
Is 174572791 a prime number?
True
Is 3158873 composite?
False
Is 41875859 prime?
True
Is 3452387 a prime number?
True
Is 387449261 a